
Suppose 0 = 15*x + 151 - 511. Suppose -3*d - 9 = -27. What is the greatest common factor of x and d?
6
Suppose -123*m = -5*c - 125*m + 136, 5*m - 15 = 0. What is the highest common divisor of 1937 and c?
13
Let r(a) = 285*a + 31. Let b be r(12). What is the highest common factor of b and 29?
29
Let b = 18 + -29. Let o(u) = 81 - 196 - 5*u + 96. Let r be o(b). Calculate the highest common factor of r and 252.
36
Let v be (9/(-4))/((-3)/12). Suppose 10 = -v*f + 14*f. Suppose 4*g = k + 7, 0 = -g - 5*k + 4 + 3. What is the highest common factor of g and f?
2
Let f = -867 + 1439. Let j be (f/208)/(2/16*1). Suppose b + 2*b = -3*q + 579, 2*b = 2*q + 406. Calculate the greatest common divisor of j and b.
22
Let x be (-9144)/(-198) - (-6)/(-33). Let g(m) = -10*m + 78. Let y be g(-6). What is the greatest common divisor of y and x?
46
Let u(q) = 7*q**2 + 2*q + 10. Let v be u(5). Let w = 253 - 143. Suppose -13*j + 85 = -w. What is the greatest common divisor of v and j?
15
Let v(m) = 2*m + 22. Let t be v(-11). Suppose t = 2*k + 10 - 82. Let c(p) = -67*p + 54. Let l be c(0). Calculate the greatest common divisor of k and l.
18
Suppose 2130 = 3*x - 2*x + 14*x. Calculate the highest common factor of 923 and x.
71
Let i(v) = -2*v + 8. Suppose 8*p = 3 + 13. Let s be i(p). Let a be 12/(-18)*6 + 7. Calculate the highest common factor of s and a.
1
Let c(v) = 121*v**3 - 2*v + 1. Let w be c(1). Let z = w - 95. Calculate the highest common divisor of z and 75.
25
Let t = -24 - -26. Suppose -3*a = 44 - 14. Let w = t - a. Calculate the greatest common divisor of w and 108.
12
Let v = -73 - -96. Suppose -4*y - v = -5*q + 11, 8 = 2*y. What is the greatest common divisor of q and 6?
2
Let a(b) = -16*b - 118. Let d be a(4). Let p = 242 + d. What is the highest common divisor of 12 and p?
12
Let o(y) = y - 5. Let z be o(-7). Let s(i) = -79*i + 6. Let j be s(z). What is the highest common divisor of 18 and j?
18
Let p = -1110 - -1250. What is the greatest common factor of p and 1460?
20
Let v(o) = 211*o - 7. Let s be v(6). Suppose 3*m - s = -11. Calculate the highest common divisor of 32 and m.
32
Let z = 4763 - 4651. Let a = 44 + -16. Calculate the greatest common factor of a and z.
28
Suppose 0*m - 4*m = 24. Let f = 12 - m. Let l(u) = -u**3 + 8*u**2 - 3*u - 1. Let j be l(7). What is the highest common divisor of j and f?
9
Let s = -114860 - -114867. Suppose 4*q + 2 - 10 = 0. Let h = 16 - q. Calculate the greatest common divisor of s and h.
7
Suppose -5*l - 54453 = 7*l - 385701. Calculate the greatest common divisor of l and 134.
134
Let c(q) = -q**2 - 6*q + 2. Let u be c(-6). Let i = 77243 + -77235. What is the highest common factor of i and u?
2
Suppose -174*m = -871*m + 13874482. Calculate the greatest common factor of m and 74.
74
Let h(q) = -q**2 - 9*q - 5. Let w be h(-2). Let p(s) = s**3 - 6*s**2 - 18*s - 18. Let i be p(w). What is the greatest common factor of i and 18?
9
Let c be 1*588*((-10)/15)/((-12)/81). What is the greatest common divisor of c and 594?
54
Suppose 0 = -j - 2*z + 30, 4*z - 11 - 129 = -4*j. What is the greatest common divisor of j and 615?
5
Let f(k) = k**3 - 3*k**2 - 3 + 4 - 3*k**2 + 6*k. Let w be f(5). Let z be (29 - 1)*(w/(-14) - -3). What is the highest common divisor of 48 and z?
24
Let z = 3 - -3. Suppose -4*g + 478 = 3*l - 236, -6*g + 1050 = l. What is the greatest common divisor of z and g?
6
Let u = -488 + 497. Let j(s) be the first derivative of s**4/4 - 7*s**3/3 - 15*s**2/2 - 9*s + 7. Let v be j(u). What is the greatest common factor of v and 2?
2
Let b be (5/((-45)/24))/((-2)/78). Let n(a) = -1 - 1 + 2 + 12*a + 1. Let d be n(1). Calculate the highest common factor of b and d.
13
Let c be (-7 - (6 + 3)) + 1089. What is the greatest common divisor of c and 37?
37
Suppose -11*h - 2428 = 5184. Let s = h - -794. Let n(g) = -g**2 + 6*g - 3. Let c be n(3). Calculate the highest common factor of s and c.
6
Let x be 2 + -1 - 12/(-6). Let c be (72 - -3) + 9/x. What is the highest common factor of c and 52?
26
Let x(s) = s**2 + 6*s - 7. Let j(n) = n**2 - 12*n + 57. Let b be j(8). Let f = 16 - b. Let a be x(f). Calculate the highest common divisor of 220 and a.
20
Suppose -165 = -5*c - 5*h, -2*c + 4*h + 35 = -43. Let r be c + -7 + -1 + 3. Calculate the greatest common factor of r and 75.
15
Suppose 4*z = 3*z - 8. Let y be z/(-10)*(-45)/(-2). Let w(k) = -118*k - 932. Let s be w(-8). What is the highest common factor of s and y?
6
Let p(q) = -171*q**3 - 7*q**2 + 11*q + 32. Let d be p(-2). Calculate the highest common divisor of 375 and d.
75
Let d(u) = 26463*u + 1821. Let r be d(3). What is the highest common factor of r and 30?
30
Let k = -214 - -320. Let n = 1205 + -834. Calculate the highest common divisor of k and n.
53
Let q be ((-17)/(-68))/((21/(-108))/(-7)). Calculate the greatest common factor of q and 2853.
9
Suppose -4*g - 8 = -2*g + 4*c, 0 = 3*g - 5*c + 23. Let j be (64/g)/2*3/(-2). Suppose 125 + 19 = j*w. Calculate the highest common divisor of w and 72.
18
Let z = -228 + 316. Suppose 5*h + 40 = 3*f, -29*f + 24*f + 3*h = -z. What is the highest common factor of 180 and f?
20
Let u be (-3)/2 - 246/(-12). Suppose u*a - 14*a = 30. Let f(j) = j**3 - 6*j**2 + 6*j - 9. Let k be f(a). Calculate the greatest common divisor of k and 6.
3
Suppose 165 = i + 2*k, i + 3*k = 248 - 83. Suppose 0*l - l = -66. Calculate the greatest common divisor of l and i.
33
Let w(g) = 10*g**2 - 32*g - 18. Let z be w(6). Let j = 163 - z. What is the highest common factor of j and 39?
13
Let b(p) = -9*p + 9*p**2 + 4*p - 11 - 2*p**2 + p**3. Let j be b(-6). Let c = 62 - j. What is the highest common divisor of c and 56?
7
Let i(q) = -19*q + 2. Let u be i(-1). Let f be ((-144)/u)/(1/(-7)). Let y(z) = z**2 - 29*z - 138. Let k be y(-5). What is the highest common divisor of f and k?
16
Let t be -4 + (6 - (0 + -1)) + 25. Let y be ((-30)/(-8))/((-9)/(-336)). Let c be (y/6)/(2/6). What is the greatest common divisor of c and t?
14
Let z(w) = -421*w + 5592. Let s be z(13). What is the greatest common divisor of 23562 and s?
119
Let k = -1931 - -1933. Calculate the highest common factor of k and 1954.
2
Suppose 7*s + 3*c - 1 = 6*s, 4*s - 43 = c. Suppose -2*j = -212 + 12. Suppose j = 5*w - 0*w. What is the highest common factor of s and w?
10
Let w(o) = -o**2 + 4*o - 13. Let r(j) = 2*j**2 + j - 1. Let c(x) = 3*r(x) - w(x). Let n be c(5). Calculate the highest common divisor of 24 and n.
12
Suppose t - 427 = -5*w, 0*w - 168 = -2*w + t. Let m = w + -55. Let r = 403 + -363. Calculate the greatest common factor of m and r.
10
Let a be (-28)/(-6)*41400/161. Calculate the highest common divisor of 96 and a.
48
Suppose 75*d - 80*d = 7*v - 1139, -4*v - 408 = -2*d. Calculate the highest common factor of 763 and d.
109
Let s(q) = -2*q**3 - 20*q**2 - 110*q - 839. Let w be s(-12). What is the highest common divisor of 755 and w?
151
Let p = 209 - 211. Let z(x) = 15*x**2 + 9*x + 14. Let l be z(p). Let s = 47 - 33. What is the highest common factor of l and s?
14
Suppose 0*v - 789 = -2*c - 3*v, -1 = -v. Suppose -5640 = 387*j - c*j. What is the greatest common factor of j and 20?
20
Let b(m) = -65*m - 15. Let t be b(4). Let y = t + 300. What is the highest common factor of y and 45?
5
Let u(m) = 53*m**2 + 58*m - 746. Let b be u(10). What is the highest common divisor of b and 136?
34
Suppose -43*m + 16 = -47*m. Let a be (m/(-6) - 1)/(2/(-810)). Calculate the highest common factor of a and 108.
27
Let h(a) = a + 22. Let m be h(-16). Let z be -2 + (-9)/(27/(-6)). Suppose z = -g - 3, 5*r = -5*g + g + 78. What is the greatest common factor of m and r?
6
Suppose 239*r - 230*r + 1350 = 0. Let c = -106 - r. Calculate the greatest common divisor of 132 and c.
44
Let j be 4*(1 + 3/6). Let b be 102/(-4)*(-4)/j. Let c be 51/3 - 0 - (-5)/(-30)*0. What is the highest common divisor of b and c?
17
Suppose -68 = -3*m + l, 4*l + 9 - 10 = -m. Suppose -m*y + 17*y = -864. What is the greatest common factor of y and 81?
27
Let c(y) = 758*y - 779. Let j be c(16). Calculate the highest common divisor of 18 and j.
9
Let f(z) = -z**2 + 10*z + 191. Let c be f(19). Suppose -4*l = -2*t - 2 + 18, -4*l = t - c. Calculate the highest common divisor of 90 and t.
6
Suppose y = 3*z, -4*y + 4*z = -21 - 11. Let a(j) = 